[INFO] fetching crate ethers-providers 0.1.3...
[INFO] checking ethers-providers-0.1.3 against master#cfbc6d4cf1acbac5c025acf8ed68929caa551df3 for pr-75494-beta
[INFO] extracting crate ethers-providers 0.1.3 into /workspace/builds/worker-5/source
[INFO] validating manifest of crates.io crate ethers-providers 0.1.3 on toolchain cfbc6d4cf1acbac5c025acf8ed68929caa551df3
[INFO] running `Command { std: "/workspace/cargo-home/bin/cargo" "+cfbc6d4cf1acbac5c025acf8ed68929caa551df3" "read-manifest" "--manifest-path" "Cargo.toml", kill_on_drop: false }`
[INFO] started tweaking crates.io crate ethers-providers 0.1.3
[INFO] finished tweaking crates.io crate ethers-providers 0.1.3
[INFO] tweaked toml for crates.io crate ethers-providers 0.1.3 written to /workspace/builds/worker-5/source/Cargo.toml
[INFO] running `Command { std: "/workspace/cargo-home/bin/cargo" "+cfbc6d4cf1acbac5c025acf8ed68929caa551df3" "generate-lockfile" "--manifest-path" "Cargo.toml" "-Zno-index-update", kill_on_drop: false }`
[INFO] running `Command { std: "/workspace/cargo-home/bin/cargo" "+cfbc6d4cf1acbac5c025acf8ed68929caa551df3" "fetch" "--locked" "--manifest-path" "Cargo.toml", kill_on_drop: false }`
[INFO] [stderr]     Blocking waiting for file lock on package cache
[INFO] running `Command { std: "docker" "create" "-v" "/var/lib/crater-agent-workspace/builds/worker-5/target:/opt/rustwide/target:rw,Z" "-v" "/var/lib/crater-agent-workspace/builds/worker-5/source:/opt/rustwide/workdir:ro,Z" "-v" "/var/lib/crater-agent-workspace/cargo-home:/opt/rustwide/cargo-home:ro,Z" "-v" "/var/lib/crater-agent-workspace/rustup-home:/opt/rustwide/rustup-home:ro,Z" "-e" "SOURCE_DIR=/opt/rustwide/workdir" "-e" "CARGO_TARGET_DIR=/opt/rustwide/target" "-e" "CARGO_HOME=/opt/rustwide/cargo-home" "-e" "RUSTUP_HOME=/opt/rustwide/rustup-home" "-w" "/opt/rustwide/workdir" "-m" "1610612736" "--user" "0:0" "--network" "none" "rustops/crates-build-env@sha256:a636fd89d022f18117e1dc8fb37a0a009933cdbbe082814857f0e2024962d47c" "/opt/rustwide/cargo-home/bin/cargo" "+cfbc6d4cf1acbac5c025acf8ed68929caa551df3" "metadata" "--no-deps" "--format-version=1", kill_on_drop: false }`
[INFO] [stdout] 16b5657b0d7e300d70f39c44418c8650b4f211cfda05e4d3e65f865df86f3482
[INFO] [stderr] WARNING: Your kernel does not support swap limit capabilities or the cgroup is not mounted. Memory limited without swap.
[INFO] running `Command { std: "docker" "start" "-a" "16b5657b0d7e300d70f39c44418c8650b4f211cfda05e4d3e65f865df86f3482", kill_on_drop: false }`
[INFO] running `Command { std: "docker" "inspect" "16b5657b0d7e300d70f39c44418c8650b4f211cfda05e4d3e65f865df86f3482", kill_on_drop: false }`
[INFO] running `Command { std: "docker" "rm" "-f" "16b5657b0d7e300d70f39c44418c8650b4f211cfda05e4d3e65f865df86f3482", kill_on_drop: false }`
[INFO] [stdout] 16b5657b0d7e300d70f39c44418c8650b4f211cfda05e4d3e65f865df86f3482
[INFO] running `Command { std: "docker" "create" "-v" "/var/lib/crater-agent-workspace/builds/worker-5/target:/opt/rustwide/target:rw,Z" "-v" "/var/lib/crater-agent-workspace/builds/worker-5/source:/opt/rustwide/workdir:ro,Z" "-v" "/var/lib/crater-agent-workspace/cargo-home:/opt/rustwide/cargo-home:ro,Z" "-v" "/var/lib/crater-agent-workspace/rustup-home:/opt/rustwide/rustup-home:ro,Z" "-e" "SOURCE_DIR=/opt/rustwide/workdir" "-e" "CARGO_TARGET_DIR=/opt/rustwide/target" "-e" "CARGO_INCREMENTAL=0" "-e" "RUST_BACKTRACE=full" "-e" "RUSTFLAGS=--cap-lints=forbid" "-e" "CARGO_HOME=/opt/rustwide/cargo-home" "-e" "RUSTUP_HOME=/opt/rustwide/rustup-home" "-w" "/opt/rustwide/workdir" "-m" "1610612736" "--user" "0:0" "--network" "none" "rustops/crates-build-env@sha256:a636fd89d022f18117e1dc8fb37a0a009933cdbbe082814857f0e2024962d47c" "/opt/rustwide/cargo-home/bin/cargo" "+cfbc6d4cf1acbac5c025acf8ed68929caa551df3" "check" "--frozen" "--all" "--all-targets" "--message-format=json", kill_on_drop: false }`
[INFO] [stdout] 3846c9ed4f60f1d09efa2574ada16a4dd7736b7cb04ec473a39d1bf0de3471d4
[INFO] [stderr] WARNING: Your kernel does not support swap limit capabilities or the cgroup is not mounted. Memory limited without swap.
[INFO] running `Command { std: "docker" "start" "-a" "3846c9ed4f60f1d09efa2574ada16a4dd7736b7cb04ec473a39d1bf0de3471d4", kill_on_drop: false }`
[INFO] [stderr]    Compiling syn v1.0.39
[INFO] [stderr]    Compiling serde v1.0.115
[INFO] [stderr]     Checking once_cell v1.4.1
[INFO] [stderr]    Compiling crunchy v0.2.2
[INFO] [stderr]    Compiling memchr v2.3.3
[INFO] [stderr]     Checking untrusted v0.7.1
[INFO] [stderr]    Compiling tiny-keccak v2.0.2
[INFO] [stderr]     Checking arrayvec v0.5.1
[INFO] [stderr]     Checking byte-slice-cast v0.3.5
[INFO] [stderr]    Compiling serde_json v1.0.57
[INFO] [stderr]     Checking base64 v0.12.3
[INFO] [stderr]     Checking ipnet v2.3.0
[INFO] [stderr]    Compiling ring v0.16.15
[INFO] [stderr]     Checking tracing-core v0.1.14
[INFO] [stderr]     Checking futures-channel v0.3.5
[INFO] [stderr]     Checking rlp v0.4.5
[INFO] [stderr]     Checking http v0.2.1
[INFO] [stderr]     Checking bitvec v0.17.4
[INFO] [stderr]     Checking futures-task v0.3.5
[INFO] [stderr]     Checking log v0.4.11
[INFO] [stderr]     Checking encoding_rs v0.8.23
[INFO] [stderr]     Checking net2 v0.2.34
[INFO] [stderr]     Checking socket2 v0.3.12
[INFO] [stderr]     Checking impl-rlp v0.2.1
[INFO] [stderr]     Checking sha2 v0.8.2
[INFO] [stderr]     Checking hmac-drbg v0.2.0
[INFO] [stderr]     Checking tracing v0.1.19
[INFO] [stderr]     Checking want v0.3.0
[INFO] [stderr]     Checking fixed-hash v0.6.1
[INFO] [stderr]     Checking mio v0.6.22
[INFO] [stderr]     Checking uint v0.8.5
[INFO] [stderr]     Checking tiny-keccak v1.5.0
[INFO] [stderr]     Checking libsecp256k1 v0.3.5
[INFO] [stderr]     Checking webpki v0.21.3
[INFO] [stderr]     Checking sct v0.6.0
[INFO] [stderr]     Checking http-body v0.3.1
[INFO] [stderr]     Checking rustls v0.18.1
[INFO] [stderr]     Checking webpki-roots v0.19.0
[INFO] [stderr]    Compiling serde_derive v1.0.115
[INFO] [stderr]    Compiling tokio-macros v0.2.5
[INFO] [stderr]    Compiling pin-project-internal v0.4.23
[INFO] [stderr]    Compiling futures-macro v0.3.5
[INFO] [stderr]    Compiling thiserror-impl v1.0.20
[INFO] [stderr]    Compiling async-trait v0.1.38
[INFO] [stderr]     Checking tokio v0.2.22
[INFO] [stderr]     Checking thiserror v1.0.20
[INFO] [stderr]     Checking pin-project v0.4.23
[INFO] [stderr]     Checking futures-util v0.3.5
[INFO] [stderr]     Checking tokio-util v0.3.1
[INFO] [stderr]     Checking tokio-rustls v0.14.0
[INFO] [stderr]     Checking h2 v0.2.6
[INFO] [stderr]     Checking parity-scale-codec v1.3.4
[INFO] [stderr]     Checking impl-serde v0.3.1
[INFO] [stderr]     Checking serde_urlencoded v0.6.1
[INFO] [stderr]     Checking hyper v0.13.7
[INFO] [stderr]     Checking ethbloom v0.9.2
[INFO] [stderr]     Checking impl-codec v0.4.2
[INFO] [stderr]     Checking primitive-types v0.7.2
[INFO] [stderr]     Checking hyper-rustls v0.21.0
[INFO] [stderr]     Checking reqwest v0.10.7
[INFO] [stderr]     Checking ethereum-types v0.9.2
[INFO] [stderr]     Checking ethabi-next v12.0.1
[INFO] [stderr]     Checking ethers-core v0.1.3
[INFO] [stderr]     Checking ethers-providers v0.1.3 (/opt/rustwide/workdir)
[INFO] [stdout] error[E0433]: failed to resolve: use of undeclared type or module `ethers`
[INFO] [stdout]  --> tests/provider.rs:1:5
[INFO] [stdout]   |
[INFO] [stdout] 1 | use ethers::providers::{Http, Provider};
[INFO] [stdout]   |     ^^^^^^ use of undeclared type or module `ethers`
[INFO] [stdout] 
[INFO] [stdout] 
[INFO] [stdout] error[E0433]: failed to resolve: use of undeclared type or module `ethers`
[INFO] [stdout]  --> tests/provider.rs:7:9
[INFO] [stdout]   |
[INFO] [stdout] 7 |     use ethers::{
[INFO] [stdout]   |         ^^^^^^ use of undeclared type or module `ethers`
[INFO] [stdout] 
[INFO] [stdout] 
[INFO] [stdout] error[E0433]: failed to resolve: use of undeclared type or module `Ganache`
[INFO] [stdout]   --> tests/provider.rs:12:20
[INFO] [stdout]    |
[INFO] [stdout] 12 |     let _ganache = Ganache::new().block_time(2u64).spawn();
[INFO] [stdout]    |                    ^^^^^^^ not found in this scope
[INFO] [stdout]    |
[INFO] [stdout] help: consider importing this struct
[INFO] [stdout]    |
[INFO] [stdout] 1  | use ethers_core::utils::Ganache;
[INFO] [stdout]    |
[INFO] [stdout] 
[INFO] [stdout] 
[INFO] [stdout] error[E0433]: failed to resolve: use of undeclared type or module `Provider`
[INFO] [stdout]   --> tests/provider.rs:13:20
[INFO] [stdout]    |
[INFO] [stdout] 13 |     let provider = Provider::<Http>::try_from("http://localhost:8545").unwrap();
[INFO] [stdout]    |                    ^^^^^^^^ not found in this scope
[INFO] [stdout]    |
[INFO] [stdout] help: consider importing this struct
[INFO] [stdout]    |
[INFO] [stdout] 1  | use ethers_providers::Provider;
[INFO] [stdout]    |
[INFO] [stdout] 
[INFO] [stdout] 
[INFO] [stdout] error[E0412]: cannot find type `Http` in this scope
[INFO] [stdout]   --> tests/provider.rs:13:31
[INFO] [stdout]    |
[INFO] [stdout] 13 |     let provider = Provider::<Http>::try_from("http://localhost:8545").unwrap();
[INFO] [stdout]    |                               ^^^^ not found in this scope
[INFO] [stdout]    |
[INFO] [stdout] help: consider importing this struct
[INFO] [stdout]    |
[INFO] [stdout] 1  | use ethers_providers::Http;
[INFO] [stdout]    |
[INFO] [stdout] 
[INFO] [stdout] 
[INFO] [stdout] error[E0433]: failed to resolve: use of undeclared type or module `TransactionRequest`
[INFO] [stdout]   --> tests/provider.rs:16:14
[INFO] [stdout]    |
[INFO] [stdout] 16 |     let tx = TransactionRequest::pay(accounts[1], parse_ether(1u64).unwrap()).from(accounts[0]);
[INFO] [stdout]    |              ^^^^^^^^^^^^^^^^^^ not found in this scope
[INFO] [stdout]    |
[INFO] [stdout] help: consider importing this struct
[INFO] [stdout]    |
[INFO] [stdout] 1  | use ethers_core::types::TransactionRequest;
[INFO] [stdout]    |
[INFO] [stdout] 
[INFO] [stdout] 
[INFO] [stdout] error[E0425]: cannot find function `parse_ether` in this scope
[INFO] [stdout]   --> tests/provider.rs:16:51
[INFO] [stdout]    |
[INFO] [stdout] 16 |     let tx = TransactionRequest::pay(accounts[1], parse_ether(1u64).unwrap()).from(accounts[0]);
[INFO] [stdout]    |                                                   ^^^^^^^^^^^ not found in this scope
[INFO] [stdout]    |
[INFO] [stdout] help: consider importing this function
[INFO] [stdout]    |
[INFO] [stdout] 1  | use ethers_core::utils::parse_ether;
[INFO] [stdout]    |
[INFO] [stdout] 
[INFO] [stdout] 
[INFO] [stdout] warning: unused import: `std::convert::TryFrom`
[INFO] [stdout]  --> tests/provider.rs:2:5
[INFO] [stdout]   |
[INFO] [stdout] 2 | use std::convert::TryFrom;
[INFO] [stdout]   |     ^^^^^^^^^^^^^^^^^^^^^
[INFO] [stdout]   |
[INFO] [stdout]   = note: `#[warn(unused_imports)]` on by default
[INFO] [stdout] 
[INFO] [stdout] 
[INFO] [stdout] error[E0698]: type inside `async` block must be known in this context
[INFO] [stdout]   --> tests/provider.rs:19:44
[INFO] [stdout]    |
[INFO] [stdout] 19 |     let receipt = pending_tx.confirmations(5).await.unwrap();
[INFO] [stdout]    |                                            ^ cannot infer type for type `{integer}`
[INFO] [stdout]    |
[INFO] [stdout] note: the type is part of the `async` block because of this `await`
[INFO] [stdout]   --> tests/provider.rs:19:19
[INFO] [stdout]    |
[INFO] [stdout] 19 |     let receipt = pending_tx.confirmations(5).await.unwrap();
[INFO] [stdout]    |                   ^^^^^^^^^^^^^^^^^^^^^^^^^^^^^^^^^
[INFO] [stdout] 
[INFO] [stdout] 
[INFO] [stdout] error: aborting due to 8 previous errors; 1 warning emitted
[INFO] [stdout] 
[INFO] [stdout] 
[INFO] [stdout] Some errors have detailed explanations: E0412, E0425, E0433, E0698.
[INFO] [stdout] 
[INFO] [stdout] For more information about an error, try `rustc --explain E0412`.
[INFO] [stdout] 
[INFO] [stderr] error: could not compile `ethers-providers`.
[INFO] [stderr] 
[INFO] [stderr] To learn more, run the command again with --verbose.
[INFO] running `Command { std: "docker" "inspect" "3846c9ed4f60f1d09efa2574ada16a4dd7736b7cb04ec473a39d1bf0de3471d4", kill_on_drop: false }`
[INFO] running `Command { std: "docker" "rm" "-f" "3846c9ed4f60f1d09efa2574ada16a4dd7736b7cb04ec473a39d1bf0de3471d4", kill_on_drop: false }`
[INFO] [stdout] 3846c9ed4f60f1d09efa2574ada16a4dd7736b7cb04ec473a39d1bf0de3471d4
